p**2 + 8*p - 7. Let i = 10 - 5. Suppose i*c - 25 = 4*h - h, c + 2*h + 8 = 0. Calculate the remainder when c is divided by n(-9).
0
Let u = -19 - -28. Calculate the remainder when (-20)/(-6)*(3 - (-27)/6) is divided by u.
7
Suppose 2*x - 40 = 22. Suppose 2*p = p + x. What is the remainder when p is divided by 16?
15
Let x = -46 + 77. What is the remainder when x is divided by ((-16)/(-10))/((-1540)/(-23925) + 4/58)?
7
Suppose 4*m = 3015 - 1843. What is the remainder when m is divided by 60?
53
Let g(d) = 3*d**2 + 7*d - 53. What is the remainder when g(-12) is divided by 33?
31
Suppose -3*c = c - 8. Suppose 5*f + c*n - n = 81, 4*f + 3*n - 67 = 0. What is the remainder when f is divided by 11?
5
Let b = 41 + -41. Suppose 2*w + 4 - 14 = b, -5*w = k - 58. What is the remainder when k is divided by 17?
16
Let u(l) = 5*l + 138. What is the remainder when u(-20) is divided by 20?
18
Let x = 60 - 14. Let h = -22 + 34. What is the remainder when x is divided by h?
10
Suppose -2*l - 2*a + 30 = 0, -l + 2*a = -5*l + 54. Suppose 0 = -0*x - 4*x + l. What is the remainder when 29 is divided by x + -3 + -4 - -12?
5
Let j(g) = 39*g - 18*g**2 - 64 - 77 - g**3 + 127. What is the remainder when 26 is divided by j(-20)?
2
Let g = -170 - -199. Let h = 164 - 78. What is the remainder when h is divided by g?
28
Calculate the remainder when -1 + -1 - -123*(-5)/(-15) is divided by 10.
9
Let v be 1 - 0 - (1 - 3). Suppose -6*f = o - f + 12, o + 6 = -v*f. Suppose -4*m + 1 + o = q, 5*q - m = 104. What is the remainder when 38 is divided by q?
18
Suppose 557 = 14*g + 109. Calculate the remainder when g is divided by 8.
0
Suppose 6*s - 8 = 4*s, 0 = 4*u + 5*s - 240. What is the remainder when 1209 is divided by u?
54
Suppose u = 2*c + 11, u = 4*u - c - 8. Suppose u = 3*v - 5. What is the remainder when v is divided by 2?
0
Suppose 230 = 4*w - 2*w. Let s(g) = 7*g + 6. Let o be s(8). Let z = w - o. Calculate the remainder when z is divided by 14.
11
Let q(j) = j**3 - 14*j**2 - 33*j + 6. Let o be q(16). Calculate the remainder when 85 is divided by 10*-1*(5 + 54/o).
1
Let c = 223 - -116. Calculate the remainder when c is divided by 69.
63
Let z(y) be the third derivative of -y**4/2 - 13*y**3/2 + y**2 + 20. Suppose 3*k + 48 = 5*k. Calculate the remainder when z(-7) is divided by k.
21
Suppose 3*o + 8*b = 12*b + 180, -244 = -4*o + 4*b. Calculate the remainder when 234 is divided by o.
42
Suppose 0 = -23*o + 19*o + 148. Calculate the remainder when 107 is divided by o.
33
Let w = 20 - 35. Suppose 5*g = 2*r + 114, 2*r + 72 = 3*g - r. What is the remainder when g is divided by 2/4 - w/2?
6
Suppose -26*g - 66 = -768. Calculate the remainder when 1023 is divided by g.
24
Let b(p) = p**3 + 25*p**2 - 325. What is the remainder when b(-15) is divided by 41?
39
Calculate the remainder when (48/56)/(21/1666) is divided by 21.
5
Suppose 2*k - 5*j - 106 = 0, 2*k - 244 = -2*k + 2*j. Let r(v) = 2*v**2 + 2*v - 7. What is the remainder when k is divided by r(-5)?
30
Let v(l) = -10*l**3 - 7*l - 6. Calculate the remainder when v(-3) is divided by 18.
15
Let f(q) = q - 18. Let i be f(14). Suppose x = 3*r + 30, -2*x + 0*x = 3*r + 21. What is the remainder when 20 is divided by (i + 0)/(r/18)?
4
Let c be 1/(-2)*-8 - 0. Suppose -c*x + 2*l + 163 = 3*l, -2*l - 154 = -4*x. Suppose 5*j - x = j. What is the remainder when j is divided by 4?
2
Let u be (4/(-3))/((-4)/78). Suppose 3*c + 3*y - 78 = 0, -c + u = 5*y - y. Calculate the remainder when 103 is divided by c.
25
Suppose 2*w - 945 = -5*d, -2*w + w - 4*d = -465. What is the remainder when w is divided by 61?
58
Let i(p) = -p**2 - 3*p + 4. Let g be i(-4). Suppose g = -2*w - 4*w + 66. Calculate the remainder when 19 is divided by w.
8
Suppose -b - x = -575, -1713 = -3*b + 45*x - 42*x. Calculate the remainder when b is divided by 32.
29
Let a(h) = 2*h + 15. What is the remainder when 38 is divided by a(-2)?
5
Let u be ((-3)/2*2)/1. Let i = 22 + u. Suppose 7*z - 398 + 6 = 0. Calculate the remainder when z is divided by i.
18
Let a(q) = -2*q**3 + 72*q**2 + 2*q - 18. Let k(r) = r**2 - 4*r + 4. What is the remainder when a(36) is divided by k(4)?
2
Suppose -938 = -33*p + 316. Suppose 0 = 2*j - 5*b - 29 - 2, -b = 3*j - 38. What is the remainder when p is divided by j?
12
Let k(i) = -i**3 + 3*i**2 - 4*i - 7. Let y be 4/6*(-27)/(-2). Suppose 6 = -5*v - y. What is the remainder when k(v) is divided by 20?
19
Let v be 1/((-6)/51)*-4. Suppose r - v = -14. Suppose -105 = -2*f - f. What is the remainder when f is divided by r?
15
Let p = 906 - 805. What is the remainder when 301 is divided by p?
99
Let w = -52 - -78. Suppose 2*h - 27 = 3*q, 2*q + 52 - 10 = 4*h. What is the remainder when w is divided by h?
8
Let o = 631 + -595. Calculate the remainder when 70 is divided by o.
34
Let r be (10/4 + -2)/(8/128). Calculate the remainder when (-2)/10*(-6 - r)*20 is divided by 10.
6
What is the remainder when 88 is divided by 19/(190/15)*(3 + -1)?
1
Suppose -2*m = -76 - 66. Let h = -55 + m. What is the remainder when 93 is divided by h?
13
Suppose -4*i - l - 14 = 0, -i = 4*i + 3*l + 21. Let c be (-3 + i)*52/(-8). Let o = c + -24. Calculate the remainder when 44 is divided by o.
14
Suppose -5*z - 25 = -0, 2*p - 4*z - 364 = 0. Calculate the remainder when p is divided by 45.
37
Calculate the remainder when 79 is divided by ((-14)/13)/((-128)/832).
2
Suppose -5*q + 5 + 0 = 0, 0 = 3*g - 4*q - 71. Let u(s) = -5*s. What is the remainder when 284/10 - 10/g is divided by u(-3)?
13
Suppose 0 = 223*f - 227*f + 424. What is the remainder when f is divided by 55?
51
Let u = 47 - 57. Let a = u - -19. Calculate the remainder when 42 is divided by a.
6
Let c(f) = -9*f - 95. What is the remainder when 120 is divided by c(-14)?
27
Calculate the remainder when 75 is divided by (-194)/(-18) + (-18)/(-81).
9
Suppose 0*j + 4*l - 10 = 2*j, 2*l - 8 = 0. Suppose -27 = 2*q - j*q + 5*x, 2*q = -2*x - 6. What is the remainder when 6 is divided by q?
0
Let l(r) = -2*r**2 + 35*r + 36. Let i(d) = d**2 - 12*d - 12. Let u(n) = 8*i(n) + 3*l(n). Let v = 1949 - 1954. What is the remainder when 100 is divided by u(v)?
15
Suppose 11*r = 12*r - 3*z - 12, 2*r - 52 = -z. Let g = 15 + -9. What is the remainder when (g/(-4))/(r/(-112)) is divided by 5?
2
Let h(p) = -p + 16. Let w be h(7). Let r(i) = i**3 - 10*i**2 + 10*i. Let n be r(w). Let o = n + 3. Calculate the remainder when 21 is divided by o.
9
Suppose 33*q = 32*q + 175. Suppose -2*f - 65 = -2*k + f, 4*k - q = -3*f. What is the remainder when k is divided by 18?
4
Suppose 6*v - 212 = 4*v. Calculate the remainder when v is divided by 19.
11
Let m be (-3)/(-5) + 756/15. Suppose 0 = -9*a + m + 282. Suppose 2*n - 52 = -2*n. What is the remainder when a is divided by n?
11
Suppose -31*u = 9*u - 6520. Calculate the remainder when u is divided by 25.
13
Let n = 100 + -64. Suppose -5*x = -n - 94. Suppose -3*m + 70 = 5*v, 4*m = -0*v + 4*v - 56. Calculate the remainder when x is divided by v.
12
What is the remainder when 41 is divided by (-8 - -23)*((-1)/5 + 1)?
5
Suppose -12*k + 8*k + 56 = 2*m, k + 63 = 3*m. What is the remainder when 505 is divided by m?
21
Let u = -72 + 74. Let g(h) = h. Let c(z) = 3*z. Let a(v) = -2*c(v) + 5*g(v). Calculate the remainder when a(-4) is divided by u.
0
What is the remainder when (-1)/(135/(-15804)) - 2/30 is divided by 113?
4
Suppose 4*n - 27*u - 323 = -26*u, 92 = n - 4*u. What is the remainder when 313 is divided by n?
73
Suppose -2*r + 14 = -4*m, -r + m + 62 = 4*r. Suppose -4*i + 14*x = 9*x - 18, -4*i - 5*x + 38 = 0. What is the remainder when r is divided by i?
6
Suppose 4*f = -f - r + 650, -3*f - r + 388 = 0. What is the remainder when f is divided by 19?
17
Suppose 5*j + 3*f - 29 = 0, -5*j + 0 = -3*f - 11. Calculate the remainder when 4 is divided by j.
0
Let z = 49 - 18. Let u(t) = -8*t**2 - 2*t + 3. Let m be u(-2). Let k = 36 + m. What is the remainder when z is divided by k?
9
Let h(d) be the third derivative of -d**6/120 - 13*d**5/60 + d**4/2 - 3*d**3/2 - 16*d**2. What is the remainder when 54 is divided by h(-14)?
16
Let s(k) = 8*k + 5. Let o be s(3). Let z = o - 0. Calculate the remainder when 83 is divided by z.
25
Let q(h) = -h - 6 - 3*h**3 - 8*h + 2 + 4*h**3. What is the remainder when q(6) is divided by 16?
14
Let 